{"id":25,"date":"2012-02-13T21:07:08","date_gmt":"2012-02-13T20:07:08","guid":{"rendered":"http:\/\/android.8u.cz\/?page_id=25"},"modified":"2012-05-05T18:08:04","modified_gmt":"2012-05-05T17:08:04","slug":"lg-optimus-2x","status":"publish","type":"page","link":"https:\/\/android.8u.cz\/?page_id=25","title":{"rendered":"LG OPTIMUS 2X"},"content":{"rendered":"<p style=\"text-align: center;\">\n<h2><img loading=\"lazy\" class=\"aligncenter\" title=\"http:\/\/www.koolgrapsite.com\/wp-content\/uploads\/2011\/04\/LG-Optimus-2X-300x190.png\" src=\"http:\/\/www.koolgrapsite.com\/wp-content\/uploads\/2011\/04\/LG-Optimus-2X-300x190.png\" alt=\"\" width=\"300\" height=\"190\" \/><\/h2>\n<h2><strong>ROOT<\/strong><\/h2>\n<p>Tak tento n\u00e1vod je z \u00a0XDA\u00a0<a href=\"http:\/\/forum.xda-developers.com\/showthread.php?t=1327599\">http:\/\/forum.xda-developers.com\/showthread.php?t=1327599<\/a><\/p>\n<p>Je to n\u00e1vod pro GINGERbread, tud\u00ed\u017e Android 2.3, kter\u00fd se k V\u00e1m dostal po aktualizaci ofici\u00e1ln\u00ed cestou. P\u0159elo\u017eil j\u00e1, omlouv\u00e1m se za chyby.<\/p>\n<p><strong>Krok 1: (St\u00e1hn\u011bte si software, nabootujte telefon do APX-mode).<\/strong><br \/>\nPrvn\u00ed pot\u0159ebujete Rusty!&#8217;s super\u00a0<a title=\"http:\/\/www.mediafire.com\/file\/t0caspz03dk9out\/o2x_nvflash_recovery_v5.rar\" href=\"http:\/\/www.mediafire.com\/file\/t0caspz03dk9out\/o2x_nvflash_recovery_v5.rar\" target=\"_blank\">ClockworkMod NVFlash-installer<\/a>. \u00a0Potom st\u00e1hn\u011bte \u00a0<a title=\"http:\/\/forum.xda-developers.com\/attachment.php?attachmentid=769826&amp;d=1320279002\" href=\"http:\/\/forum.xda-developers.com\/attachment.php?attachmentid=769826&amp;d=1320279002\" target=\"_blank\">SU303.zip-package <\/a><br \/>\na dejte ho na <strong>extern\u00ed<\/strong> Sd kartu, kdy\u017e j\u00ed m\u00e1te, kdy\u017e ne, dejte j\u00ed na intern\u00ed. Rozbalte obsah Rusty&#8217;s .rar do adres\u00e1\u0159e c:\\NV, m\u016f\u017eete si ho pojmenovat jak chcete. Vypn\u011bte telefon a vyjm\u011bte baterii. Pokud po\u017e\u00edv\u00e1te PC zapojte USB kabel\u00a0do <strong>ZADN\u00cdCH PORT\u016e.<\/strong>\u00a0Dr\u017ete volume dol\u016f a p\u00edchn\u011bte do telefonu kabel (do portu samoz\u0159ejm\u011b).<\/p>\n<p>Dal\u0161\u00ed krok je pro ty co nepou\u017e\u00edvaj\u00ed NVflash (nebo si to prost\u011b nepamatuj\u00ed jako j\u00e1). Pokud v\u00edte co d\u011bl\u00e1te sko\u010dte na krok 3.(ned\u011blej to!)<\/p>\n<p><strong>Krok 2:<\/strong> (<strong>Instalujte APX-driver<\/strong>)<br \/>\nPokud jste je\u0161t\u011b tento m\u00f3d nepou\u017e\u00edvali, my\u0161leno APX- nebo NVFlash-mode, V\u00e1\u0161 pc bude indikovat nov\u00e9 za\u0159\u00edzen\u00ed a bude cht\u00edt ovlada\u010d. Obrazovka na telefonu bude \u010dern\u00e1.<\/p>\n<p>Klikn\u011bte prav\u00fdm tla\u010d\u00edtkem na tento po\u010d\u00edta\u010d a dejte spravovat, potom spr\u00e1vce za\u0159\u00edzen\u00ed. Uvid\u00edte za\u0159\u00edzen\u00ed se \u017elut\u00fdm vyk\u0159i\u010dn\u00edkem. Klikn\u011bte na n\u011bj prav\u00fdm my\u0161\u00edtkem a vyberte aktualizovat\/instalovat ovlada\u010d. Vyberte ru\u010dn\u011b vybrat ovlada\u010d k instalaci. Prozkoumat C:\\NV\\driver, klikn\u011bte na dal\u0161\u00ed. M\u011bli byste vid\u011bt, \u017ee ovlada\u010d byl nalezen \u00abNVIDIA USB Boot-recovery driver for Mobile devices\u00bb a byl nainstalov\u00e1n.<\/p>\n<p><strong>Krok 3: (NVFlash ClockworkMod)<\/strong><br \/>\n<strong>Windows 7\/Vista:<\/strong><br \/>\nVlezte do slo\u017eky C:\\NV , dvakr\u00e1t klikn\u011bte na soubor \u00abflash-recovery\u00bb. Pokud m\u00e1te extern\u00ed kartu SD zma\u010dkn\u011bte 2, kdy\u017e ne zma\u010dkn\u011bte 1.<\/p>\n<p><strong>Windows XP:<\/strong><br \/>\nPokud m\u00e1te kartu SD, dvojklik &#8222;install_external_xp&#8220; batch-file, kdy\u017e ne &#8222;install_internal_xp&#8220; batch-file.<\/p>\n<p>Telefon uk\u00e1\u017ee Software-upgrade-screen, mezit\u00edm v\u00e1m cmd okno zobraz\u00ed o pr\u016fb\u011bhu. Po chvilce bude hotovo a vy m\u016f\u017eete zm\u00e1\u010dknout kter\u00e9koliv tla\u010d\u00edtko pro exit. Pro bezpe\u010d\u00ed po\u010dkejte je\u0161t\u011b 10 vte\u0159in p\u0159ed odpojen\u00edm kabelu. Nyn\u00ed m\u016f\u017eete vr\u00e1tit baterii.<\/p>\n<p><strong>Krok 4: (Start ClockworkMod, instalujte su) SU-superuser<\/strong><br \/>\nDr\u017ete volume dolu a sou\u010dasn\u011b zma\u010dn\u011bte power a dr\u017eete je zm\u00e1\u010dknut\u00e9 dokud se V\u00e1m neobjev\u00ed logo LG s modr\u00fdmi pruhy. Nyn\u00ed jste v klasick\u00e9m CWM, kter\u00fd zn\u00e1te z jin\u00fdch telefon\u016f a vide\u00ed. Vyberte mo\u017enost \u00abInstall Zip from sdcard\u00bb a pomoc\u00ed volume vyberte \u00abchoose zip from sdcard\u00bb. Na Sd kart\u011b nalezn\u011bte soubor SU303.zip, vyberte ho a potvr\u010fte tla\u010d\u00edtkem POWER. B\u011bhem chvilky V\u00e1s to informuje, \u017ee je hotovo. Zm\u00e1\u010dn\u011bte back, vyberte \u00abreboot system now.\u00bb<\/p>\n<p><strong>Krok 5. (Instalujeme Busybox.)<\/strong><br \/>\nVlezte si na Android market a nalezn\u011bte \u00abBusybox installer\u00bb by JRummy16. Povolte pr\u00e1va root, klikn\u011bte na OK , scroll na konec dal\u0161\u00ed strany a klikn\u011bte na instalovat. Voila a m\u00e1te hotovo. Nyn\u00ed jste p\u00e1nem sv\u00e9ho telefonu, m\u016f\u017eete pou\u017e\u00edvat \u00a0Titanium Backup a dal\u0161\u00ed v\u011bci, kter\u00e9 root pot\u0159ebuj\u00ed.<\/p>\n<p>A hlavn\u011b m\u016f\u017eete nahr\u00e1vat romky.<\/p>\n<p>Nyn\u00ed n\u00e1m vy\u0161la verze Android 4.0.3 Cyanogenmod 9.<\/p>\n<p>&nbsp;<\/p>\n<h2><strong>UNROOT nebo Z\u00e1chrana (p\u0159evzato z androidforum.cz od u\u017eivatele Itter d\u011bkuji)<\/strong><\/h2>\n<p>Zdrav\u00edm, mus\u00edm se s v\u00e1ma pod\u011blit o zku\u0161enost se z\u00e1chranou m\u00e9ho O2X.<\/p>\n<p>Nejprve poh\u00e1dka:<br \/>\nPokou\u0161el jsem se nahr\u00e1t na sv\u016fj Optimus 2x jinou Rom Androida s aktu\u00e1ln\u011bj\u0161\u00edm syst\u00e9mem. Za\u010dalo to instalac\u00ed ClockWorkMod a hned p\u0159i n\u00e1sedn\u00e9m pokusu o root telefonu p\u0159es SuperOneClick za\u010daly probl\u00e9my (asi ovlada\u010de nebo co). Nakonec set to n\u011bjak poda\u0159ilo a po startu do Recovery mode (dr\u017een\u00ed tla\u010d\u00edtka hlasitosti dol\u016f) jsem provedl podle n\u00e1vodu Wipe b\u016fhv\u00ed\u010deho (ne, z\u00e1lohu jsem samoz\u0159ejm\u011b neud\u011blal). Instalace MIUI prob\u011bhla spr\u00e1vn\u011b, reboot a objevilo se logo LG a MIUI. A zase probl\u00e9m &#8211; Logo MIUI zmizelo a znova se objevilo a zase zmizelo a zase se objevilo a zase a zase\u2026 asi 15 minut, ne\u017e mi do\u0161la trp\u011blivost. Po n\u011bkolika pokusech s Wipe a op\u011btovnou instalac\u00ed jsem to s MIUI vzdal a st\u00e1hnul CianogenMod 7. Kdy\u017e se d\u011blo tot\u00e9\u017e st\u00e1hnul jsem p\u016fvodn\u00ed LG Rom a\u2026 probl\u00e9m, ne\u0161la nainstalovat. Blbej pocit kdy\u017e m\u00e1te m\u00edsto za\u0159\u00edzen\u00ed za 9500,- v ruce jen kus \u0161rotu. Dal\u0161\u00ed 2 hodiny jsem hledal zp\u016fsob jak tu \u0161kodu napravit.<\/p>\n<p>A, d\u00edky bohu (nebo XDA-Developers), tady je v\u00fdsledek:<\/p>\n<p>1. St\u00e1hn\u011bte SmartFlash P990<br \/>\n2. St\u00e1hn\u011bte SmartFlash drivers<br \/>\n3. St\u00e1hn\u011bte origin\u00e1ln\u00ed ROM<br \/>\n4. St\u00e1hn\u011bte SuperOneClick<br \/>\n5. Nainstalujte Ovlada\u010de SmartFlash<br \/>\n6. Spus\u0165te program SmartFash<br \/>\n7. Vypnout-&gt;vyndat baterii-&gt;vlo\u017eit baterii-&gt;dr\u017eet tla\u010d\u00edtko hlasitosti dol\u016f-&gt;stihnout p\u0159ipojit kabel, dokud je \u010dern\u00e1 obrazovka-&gt;zobraz\u00ed se obrazovka S\/W update, pokud nab\u011bhne Recovery nebo n\u011bco jin\u00e9ho, postup opakujte<br \/>\n8. Pokud se povedlo, SmartFlash si vypln\u00ed pole &#8218;COM port&#8216;<br \/>\n9. Vyberte z\u00e1lo\u017eku &#8218;ROM Copy D\/L&#8216;<br \/>\n10. Vyberte &#8218;Normal mode&#8216;<br \/>\n11. &#8218;Erase CAL&#8216; nesm\u00ed b\u00fdt za\u0161krtnut\u00fd<br \/>\n12. Rozbalte sta\u017eenou Rom<br \/>\n13. Do pole &#8218;AP Bin&#8216; vyberte BIN soubor<br \/>\n14. Do pole &#8218;CP Bin&#8216; vyberte FLS soubor<br \/>\n15. Zm\u00e1\u010dkn\u011bte START<br \/>\n16. A\u017e to bude, telefon zapn\u011bte a v Nastaven\u00ed-&gt;Aplikace-&gt;V\u00fdvoj za\u0161krtn\u011bte Lad\u011bn\u00ed USB (USB Debug)<br \/>\n17. Zapn\u011bte SuperOneClick<br \/>\n18. Zm\u00e1\u010dkn\u011bte Unroot<br \/>\n19. Zaj\u00e1sejte a ura\u017ete si ruce za to, \u017ee jste se v tom v\u016fbec hrabali<\/p>\n<p>SmartFlash soubory:<br \/>\n<a title=\"http:\/\/forum.xda-developers.com\/showthread.php?t=1008070\" href=\"http:\/\/forum.xda-developers.com\/showthread.php?t=1008070\" target=\"_blank\"> http:\/\/forum.xda-developers.com\/showthr &#8230; ?t=1008070<\/a><\/p>\n<p>Origin\u00e1ln\u00ed Rom:<br \/>\n<a title=\"http:\/\/www.ulozto.cz\/9898237\/bin-lgp990at-00-v10c-eur-xx-apr-16-2011-0-zip\" href=\"http:\/\/www.ulozto.cz\/9898237\/bin-lgp990at-00-v10c-eur-xx-apr-16-2011-0-zip\" target=\"_blank\"> http:\/\/www.ulozto.cz\/9898237\/bin-lgp990 &#8230; 2011-0-zip<\/a><br \/>\n(nebo jin\u00e9 verze &#8211; <a title=\"http:\/\/forum.xda-developers.com\/showthread.php?t=1035041\" href=\"http:\/\/forum.xda-developers.com\/showthread.php?t=1035041\" target=\"_blank\">http:\/\/forum.xda-developers.com\/showthr &#8230; ?t=1035041<\/a>)<\/p>\n<p>SuperOneClick:<br \/>\n<a title=\"http:\/\/forum.xda-developers.com\/showthread.php?t=803682\" href=\"http:\/\/forum.xda-developers.com\/showthread.php?t=803682\" target=\"_blank\"> http:\/\/forum.xda-developers.com\/showthread.php?t=803682<\/a><\/p>\n<p>D\u011bkuji bohu za f\u00f3r\u016fm <a title=\"http:\/\/forum.xda-developers.com\/\" href=\"http:\/\/forum.xda-developers.com\/\" target=\"_blank\">http:\/\/forum.xda-Developers.com<\/a><\/p>\n<p>Snad to alespo\u0148 n\u011bkomu pom\u016f\u017ee<br \/>\n(Fakt,\u017ee to fungovalo m\u011b nemus\u00ed nutn\u011b znamenat, \u017ee to p\u016fjde v\u00e1m. S\u00e1m jsem m\u011bl na jednom po\u010d\u00edta\u010di probl\u00e9m a na druh\u00e9m to b\u011b\u017eelo hladce se stejn\u00fdm postupem. Elektronika je mrcha)<\/p>\n<p>No a pak m\u016f\u017eete za\u010d\u00edt zase od znovu. Doporu\u010duji, s\u00e1m jsem to zkou\u0161el.<\/p>\n<h2>BACK TO EXT 3<\/h2>\n<p>Pokud jste instalovali Cyanogenmod V\u00e1\u0161 syst\u00e9m byl zform\u00e1tov\u00e1n na syst\u00e9m EXT4, na kter\u00e9m klasick\u00e9 romky nejedou.<\/p>\n<p>Sta\u010d\u00ed vz\u00edt tento soubor\u00a0<a title=\"http:\/\/www.box.com\/s\/dlgve0fr35kzaqvi2sjn\" href=\"http:\/\/www.box.com\/s\/dlgve0fr35kzaqvi2sjn\" target=\"_blank\">http:\/\/www.box.com\/s\/dlgve0fr35kzaqvi2sjn<\/a>\u00a0a v recovery nainstalovat jako romku, ud\u011bl\u00e1 to komplet wipe, tak\u017ee p\u0159ijdete o v\u0161e. Pak m\u016f\u017eete instalovat klasick\u00e9 romky, nebo pou\u017e\u00edt z\u00e1chranu.<\/p>\n<h2>FLASH PLAYER<\/h2>\n<p>Pokud m\u00e1te probl\u00e9my s p\u0159ehr\u00e1v\u00e1n\u00edm flash vide\u00ed, nahrajte si tento<a title=\"http:\/\/www.box.com\/s\/ktorz14ehbguq19kjep6\" href=\"http:\/\/www.box.com\/s\/ktorz14ehbguq19kjep6\" target=\"_blank\"> flash<\/a>.<\/p>\n<div class=\"facebook-like\"><fb:like layout=\"standard\" show_faces=\"true\" href=\"https:\/\/android.8u.cz\/?page_id=25\"><\/fb:like><\/div>","protected":false},"excerpt":{"rendered":"<p>ROOT Tak tento n\u00e1vod je z \u00a0XDA\u00a0http:\/\/forum.xda-developers.com\/showthread.php?t=1327599 Je to n\u00e1vod pro GINGERbread, tud\u00ed\u017e Android 2.3, kter\u00fd se k V\u00e1m dostal po aktualizaci ofici\u00e1ln\u00ed cestou. P\u0159elo\u017eil j\u00e1, omlouv\u00e1m se za chyby. Krok 1: (St\u00e1hn\u011bte si software, nabootujte telefon do APX-mode). Prvn\u00ed [&hellip;] <a class=\"more-link\" href=\"https:\/\/android.8u.cz\/?page_id=25\">&darr; Read the rest of this entry&#8230;<\/a><\/p>\n","protected":false},"author":1,"featured_media":0,"parent":0,"menu_order":0,"comment_status":"open","ping_status":"open","template":"","meta":[],"_links":{"self":[{"href":"https:\/\/android.8u.cz\/index.php?rest_route=\/wp\/v2\/pages\/25"}],"collection":[{"href":"https:\/\/android.8u.cz\/index.php?rest_route=\/wp\/v2\/pages"}],"about":[{"href":"https:\/\/android.8u.cz\/index.php?rest_route=\/wp\/v2\/types\/page"}],"author":[{"embeddable":true,"href":"https:\/\/android.8u.cz\/index.php?rest_route=\/wp\/v2\/users\/1"}],"replies":[{"embeddable":true,"href":"https:\/\/android.8u.cz\/index.php?rest_route=%2Fwp%2Fv2%2Fcomments&post=25"}],"version-history":[{"count":30,"href":"https:\/\/android.8u.cz\/index.php?rest_route=\/wp\/v2\/pages\/25\/revisions"}],"predecessor-version":[{"id":40,"href":"https:\/\/android.8u.cz\/index.php?rest_route=\/wp\/v2\/pages\/25\/revisions\/40"}],"wp:attachment":[{"href":"https:\/\/android.8u.cz\/index.php?rest_route=%2Fwp%2Fv2%2Fmedia&parent=25"}],"curies":[{"name":"wp","href":"https:\/\/api.w.org\/{rel}","templated":true}]}}