{"id":655,"date":"2013-05-26T08:40:05","date_gmt":"2013-05-26T07:40:05","guid":{"rendered":"http:\/\/android.8u.cz\/?page_id=655"},"modified":"2013-08-12T07:54:02","modified_gmt":"2013-08-12T06:54:02","slug":"samsung-galaxy-s4-i9505","status":"publish","type":"page","link":"https:\/\/android.8u.cz\/?page_id=655","title":{"rendered":"SAMSUNG GALAXY S4 i9505"},"content":{"rendered":"<div><\/div>\n<div><a href=\"http:\/\/android.8u.cz\/wp-content\/uploads\/2013\/05\/Samsung-I9500-IV-16GB.png\"><img loading=\"lazy\" class=\"aligncenter size-medium wp-image-676\" alt=\"Samsung-I9500-IV-16GB\" src=\"http:\/\/android.8u.cz\/wp-content\/uploads\/2013\/05\/Samsung-I9500-IV-16GB-159x300.png\" width=\"159\" height=\"300\" \/><\/a><\/div>\n<div><strong>ROOT :<\/strong><\/div>\n<div><\/div>\n<div>CF-AUTO-ROOT<\/div>\n<div>Nejd\u0159\u00edve zjist\u011bte co m\u00e1te za model<\/div>\n<div>(<strong>tohle je pro i9505 \u010dili evropskou verzi 4-j\u00e1dro<\/strong>)<\/div>\n<div>Nastaven\u00ed &gt; o za\u0159\u00edzen\u00ed &gt; \u010d\u00edslo modelu<\/div>\n<div><strong>D\u00e1le si zapn\u011bte lad\u011bn\u00ed usb<\/strong><\/div>\n<div><a href=\"http:\/\/www.youtube.com\/watch?v=lFg0tJ52Hhs\">\n<!-- YouTube Embed v5.2 -->\n<div class=\"youtube-embed\" itemprop=\"video\" itemscope itemtype=\"https:\/\/schema.org\/VideoObject\">\n\t<meta itemprop=\"url\" content=\"https:\/\/www.youtube.com\/v\/lFg0tJ52Hhs\" \/>\n\t<meta itemprop=\"name\" content=\"SAMSUNG GALAXY S4 i9505\" \/>\n\t<meta itemprop=\"description\" content=\"SAMSUNG GALAXY S4 i9505\" \/>\n\t<meta itemprop=\"uploadDate\" content=\"2013-05-26T08:40:05+01:00\" \/>\n\t<meta itemprop=\"thumbnailUrl\" content=\"https:\/\/i.ytimg.com\/vi\/lFg0tJ52Hhs\/default.jpg\" \/>\n\t<meta itemprop=\"embedUrl\" content=\"https:\/\/www.youtube.com\/embed\/lFg0tJ52Hhs\" \/>\n\t<meta itemprop=\"height\" content=\"320\" \/>\n\t<meta itemprop=\"width\" content=\"520\" \/>\n\t<iframe style=\"border: 0;\" class=\"youtube-player\" width=\"520\" height=\"320\" src=\"https:\/\/www.youtube.com\/embed\/lFg0tJ52Hhs?modestbranding=1&fs=0&rel=0\"><\/iframe>\n<\/div>\n<!-- End of YouTube Embed code. Generated in 0.09511 seconds -->\n<\/a><\/div>\n<div><\/div>\n<div><strong>!!! NEZKOU\u0160EJTE NA JIN\u00c9M MODELU !!!<\/strong><\/div>\n<div><\/div>\n<div>CF-Root je root pro nov\u00e1\u010dky (i pro m\u011b, proto\u017ee zat\u00edm nic jin\u00e9ho neexistuje) a pro ty , kte\u0159\u00ed chct\u011bj\u00ed telefon m\u00edt co nejbl\u00ed\u017ee STOCK romce, CF-ROOT je zam\u00fd\u0161len k pou\u017eit\u00ed spole\u010dn\u011b se samsung firmwarem a je tou nejrychlej\u0161\u00ed a nejjednodu\u0161\u0161\u00ed cestou pro V\u00e1\u0161 prvn\u00ed ROOT.<\/div>\n<div><\/div>\n<address><strong>Co nainstaluje\u00a0<\/strong><\/address>\n<address>\n<p style=\"display: inline !important;\">&#8211; SuperSU binary and APK<\/p>\n<\/address>\n<div>\n<address>&#8211; Stock recovery<\/address>\n<p><strong>Instalace a pou\u017eit\u00ed<\/strong><\/p>\n<p>&#8211; Downloadn\u011bte a unzipujte the CF-Auto-Root-&#8230;.zip soubor<\/p>\n<p><a title=\"CF\" href=\"http:\/\/download.chainfire.eu\/316\/CF-Root\/CF-Auto-Root\/CF-Auto-Root-jflte-jfltexx-gti9505.zip\" target=\"_blank\">http:\/\/download.chainfire.eu\/316\/CF-Root\/CF-Auto-Root\/CF-Auto-Root-jflte-jfltexx-gti9505.zip<\/a><br \/>\n&#8211; Pot\u0159ebujete soubor .tar.md5 \u00a0&#8211; \u00a0ten d\u00e1l u\u017e neextrahujte<br \/>\n&#8211; (USB) Odpojte telefon od PC<br \/>\n&#8211; Spus\u0165te Odin3-vX.X.exe<br \/>\n&#8211; Klikn\u011bte na PDA tla\u010d\u00edtko, a vyberte CF-Auto-Root-&#8230;.tar.md5<br \/>\n&#8211; Dejte telefon do download modu (dr\u017ete VolDol\u016f+Home+Power ,pokud se zept\u00e1 dejte volbu continue)<br \/>\n&#8211; (USB) P\u0159ipojte telefon k PC<br \/>\n&#8211; Ujist\u011bte se, \u017ee nen\u00ed za\u0161krtl\u00e9 Repartition<br \/>\n&#8211; Klikn\u011bte na Start<br \/>\n&#8211; Po\u010dkejte a\u017e telefon nab\u011bhne<br \/>\n&#8211; Hotovka<\/p>\n<p><strong>\u00a0RECOVERY<\/strong><\/p>\n<p><a href=\"http:\/\/www.youtube.com\/watch?v=bBQTx8FmTtk\">\n<!-- YouTube Embed v5.2 -->\n<div class=\"youtube-embed\" itemprop=\"video\" itemscope itemtype=\"https:\/\/schema.org\/VideoObject\">\n\t<meta itemprop=\"url\" content=\"https:\/\/www.youtube.com\/v\/bBQTx8FmTtk\" \/>\n\t<meta itemprop=\"name\" content=\"SAMSUNG GALAXY S4 i9505\" \/>\n\t<meta itemprop=\"description\" content=\"SAMSUNG GALAXY S4 i9505\" \/>\n\t<meta itemprop=\"uploadDate\" content=\"2013-05-26T08:40:05+01:00\" \/>\n\t<meta itemprop=\"thumbnailUrl\" content=\"https:\/\/i.ytimg.com\/vi\/bBQTx8FmTtk\/default.jpg\" \/>\n\t<meta itemprop=\"embedUrl\" content=\"https:\/\/www.youtube.com\/embed\/bBQTx8FmTtk\" \/>\n\t<meta itemprop=\"height\" content=\"320\" \/>\n\t<meta itemprop=\"width\" content=\"520\" \/>\n\t<iframe style=\"border: 0;\" class=\"youtube-player\" width=\"520\" height=\"320\" src=\"https:\/\/www.youtube.com\/embed\/bBQTx8FmTtk?modestbranding=1&fs=0&rel=0\"><\/iframe>\n<\/div>\n<!-- End of YouTube Embed code. Generated in 0.00324 seconds -->\n<\/a><\/p>\n<\/div>\n<div><\/div>\n<div><strong>UNROOT<\/strong><\/div>\n<div>No jeliko\u017e je to stra\u0161n\u011b slo\u017eit\u00fd .<\/div>\n<div>P\u0159es odin nahrajte origin\u00e1l firmware pro v\u00e1\u0161 telefon.<\/div>\n<div>Ten rootn\u011bte CF-auto rootem.<\/div>\n<div>CSC changerem zm\u011b\u0148te CSC sales kod.<\/div>\n<div>Pak p\u0159es triangle AWAY resetujte po\u010d\u00edtadlo, rebootn\u011bte, a znovu do trianglu a znovu reset na nulu, pak trojhmatem do download modu a p\u0159es odin fle\u0161nout origin\u00e1l firmware, po kter\u00e9m ud\u011bl\u00e1te ve stock recovery ob\u011b wipe a m\u00e1te to.<\/div>\n<div><\/div>\n<div class=\"facebook-like\"><fb:like layout=\"standard\" show_faces=\"true\" href=\"https:\/\/android.8u.cz\/?page_id=655\"><\/fb:like><\/div>","protected":false},"excerpt":{"rendered":"<p>ROOT : CF-AUTO-ROOT Nejd\u0159\u00edve zjist\u011bte co m\u00e1te za model (tohle je pro i9505 \u010dili evropskou verzi 4-j\u00e1dro) Nastaven\u00ed &gt; o za\u0159\u00edzen\u00ed &gt; \u010d\u00edslo modelu D\u00e1le si zapn\u011bte lad\u011bn\u00ed usb !!! NEZKOU\u0160EJTE NA JIN\u00c9M MODELU !!! CF-Root je root pro nov\u00e1\u010dky [&hellip;] <a class=\"more-link\" href=\"https:\/\/android.8u.cz\/?page_id=655\">&darr; Read the rest of this entry&#8230;<\/a><\/p>\n","protected":false},"author":1,"featured_media":676,"parent":0,"menu_order":0,"comment_status":"open","ping_status":"open","template":"","meta":[],"_links":{"self":[{"href":"https:\/\/android.8u.cz\/index.php?rest_route=\/wp\/v2\/pages\/655"}],"collection":[{"href":"https:\/\/android.8u.cz\/index.php?rest_route=\/wp\/v2\/pages"}],"about":[{"href":"https:\/\/android.8u.cz\/index.php?rest_route=\/wp\/v2\/types\/page"}],"author":[{"embeddable":true,"href":"https:\/\/android.8u.cz\/index.php?rest_route=\/wp\/v2\/users\/1"}],"replies":[{"embeddable":true,"href":"https:\/\/android.8u.cz\/index.php?rest_route=%2Fwp%2Fv2%2Fcomments&post=655"}],"version-history":[{"count":24,"href":"https:\/\/android.8u.cz\/index.php?rest_route=\/wp\/v2\/pages\/655\/revisions"}],"predecessor-version":[{"id":748,"href":"https:\/\/android.8u.cz\/index.php?rest_route=\/wp\/v2\/pages\/655\/revisions\/748"}],"wp:featuredmedia":[{"embeddable":true,"href":"https:\/\/android.8u.cz\/index.php?rest_route=\/wp\/v2\/media\/676"}],"wp:attachment":[{"href":"https:\/\/android.8u.cz\/index.php?rest_route=%2Fwp%2Fv2%2Fmedia&parent=655"}],"curies":[{"name":"wp","href":"https:\/\/api.w.org\/{rel}","templated":true}]}}