{"id":781,"date":"2014-01-25T21:19:41","date_gmt":"2014-01-25T20:19:41","guid":{"rendered":"http:\/\/android.8u.cz\/?page_id=781"},"modified":"2014-02-17T22:57:46","modified_gmt":"2014-02-17T21:57:46","slug":"desire-hd","status":"publish","type":"page","link":"https:\/\/android.8u.cz\/?page_id=781","title":{"rendered":"Desire HD"},"content":{"rendered":"<p><img loading=\"lazy\" class=\"aligncenter\" alt=\"\" src=\"http:\/\/im9.cz\/iR\/importprodukt-orig\/522\/522c1113999d0646523099eb553ce13d--mmf250x250.jpg\" width=\"250\" height=\"250\" \/><\/p>\n<p>Kdy\u017e to byl nov\u00fd telefon, tak bylo t\u0159eba d\u011blat spoustu v\u011bc\u00ed r\u016f\u010do, program AAHK to \u0159e\u0161\u00ed. V\u0161e na vlastn\u00ed nebezpe\u010d\u00ed.<\/p>\n<p style=\"text-align: center;\"><img loading=\"lazy\" class=\"aligncenter\" alt=\"\" src=\"http:\/\/blog.dileno.com\/images\/upload\/android-root\/aahk.png\" width=\"542\" height=\"274\" \/><\/p>\n<p style=\"text-align: left;\"><strong>JSOU POT\u0158EBA maxim\u00e1ln\u011b WIN 7, sp\u00ed\u0161e xp\u010dka, jinak ud\u011bl\u00e1te cihlu.<\/strong><\/p>\n<p style=\"text-align: left;\">Vypad\u00e1 divn\u011b, ale jinak v pohod\u011b. Kdy\u017e chcete Rootnout telefon, sta\u010d\u00ed d\u00e1t HACK ace, pak si m\u016f\u017eete fle\u0161ovat v\u0161elijak\u00e9 romky. pak d\u00e1te p\u0159ez o &#8211; option nahr\u00e1t RUU(origo rom). Pot\u0159ebujete gold kartu<strong><a title=\"http:\/\/forum.xda-developers.com\/showpost.php?p=18748766&amp;postcount=6\" href=\"http:\/\/forum.xda-developers.com\/showpost.php?p=18748766&amp;postcount=6\" target=\"_blank\"> zde<\/a>\u00a0.\u00a0<\/strong><\/p>\n<p style=\"text-align: left;\">Spu\u0161t\u011bn\u00ed AAHK prov\u00e1z\u00ed obstrukce. Jsou pot\u0159eba maxim\u00e1ln\u011b win 7 , pod win 8 mi neb\u011bhaj\u00ed drivery. D\u00e1le po V\u00e1s bude cht\u00edt program heslo, kter\u00e9 najdete spu\u0161t\u011bn\u00edm html souboru\u00a0efffen-manual.html, kde je n\u011bkde n\u00ed\u017ee(cca v p\u016flce dokumentu) po lev\u00e9 stran\u011b pod n\u00e1pisem NOW RUN IT! odkaz\u00a0<a href=\"file:\/\/\/D:\/aROOTING\/desire%20hd\/root\/aahk-12062012\/tools\/txt\/CAJUN.txt\">CAJUN.txt<\/a>\u00a0, kter\u00fd vygeneruje kod, kter\u00fd po v\u00e1s chce AAHK, i kdy\u017e vypad\u00e1 \u0161\u00edlen\u011b, je pot\u0159eba cel\u00fd.<\/p>\n<p style=\"text-align: left;\">No a to je v\u0161echno. Operace z tov\u00e1rn\u00edho nastaven\u00ed do absolutn\u011b fle\u0161nut\u00e9ho telefonu zabere asi 20 minut.<\/p>\n<div class=\"facebook-like\"><fb:like layout=\"standard\" show_faces=\"true\" href=\"https:\/\/android.8u.cz\/?page_id=781\"><\/fb:like><\/div>","protected":false},"excerpt":{"rendered":"<p>Kdy\u017e to byl nov\u00fd telefon, tak bylo t\u0159eba d\u011blat spoustu v\u011bc\u00ed r\u016f\u010do, program AAHK to \u0159e\u0161\u00ed. V\u0161e na vlastn\u00ed nebezpe\u010d\u00ed. JSOU POT\u0158EBA maxim\u00e1ln\u011b WIN 7, sp\u00ed\u0161e xp\u010dka, jinak ud\u011bl\u00e1te cihlu. Vypad\u00e1 divn\u011b, ale jinak v pohod\u011b. Kdy\u017e chcete Rootnout telefon, [&hellip;] <a class=\"more-link\" href=\"https:\/\/android.8u.cz\/?page_id=781\">&darr; Read the rest of this entry&#8230;<\/a><\/p>\n","protected":false},"author":1,"featured_media":0,"parent":0,"menu_order":0,"comment_status":"open","ping_status":"open","template":"","meta":[],"_links":{"self":[{"href":"https:\/\/android.8u.cz\/index.php?rest_route=\/wp\/v2\/pages\/781"}],"collection":[{"href":"https:\/\/android.8u.cz\/index.php?rest_route=\/wp\/v2\/pages"}],"about":[{"href":"https:\/\/android.8u.cz\/index.php?rest_route=\/wp\/v2\/types\/page"}],"author":[{"embeddable":true,"href":"https:\/\/android.8u.cz\/index.php?rest_route=\/wp\/v2\/users\/1"}],"replies":[{"embeddable":true,"href":"https:\/\/android.8u.cz\/index.php?rest_route=%2Fwp%2Fv2%2Fcomments&post=781"}],"version-history":[{"count":6,"href":"https:\/\/android.8u.cz\/index.php?rest_route=\/wp\/v2\/pages\/781\/revisions"}],"predecessor-version":[{"id":793,"href":"https:\/\/android.8u.cz\/index.php?rest_route=\/wp\/v2\/pages\/781\/revisions\/793"}],"wp:attachment":[{"href":"https:\/\/android.8u.cz\/index.php?rest_route=%2Fwp%2Fv2%2Fmedia&parent=781"}],"curies":[{"name":"wp","href":"https:\/\/api.w.org\/{rel}","templated":true}]}}