{"id":795,"date":"2014-04-26T21:32:08","date_gmt":"2014-04-26T20:32:08","guid":{"rendered":"http:\/\/android.8u.cz\/?page_id=795"},"modified":"2014-04-26T21:36:09","modified_gmt":"2014-04-26T20:36:09","slug":"nexus-5","status":"publish","type":"page","link":"https:\/\/android.8u.cz\/?page_id=795","title":{"rendered":"NEXUS 5"},"content":{"rendered":"<p><img loading=\"lazy\" class=\"aligncenter\" src=\"http:\/\/www.androidmarket.cz\/wp-content\/uploads\/2013\/12\/wpid-Nexus-5-840x420.png\" alt=\"\" width=\"448\" height=\"224\" \/><\/p>\n<p>&nbsp;<\/p>\n<p>V\u0161e co d\u011bl\u00e1te s telefonem je na vlastn\u00ed nebezpe\u010d\u00ed.Neodpov\u00edd\u00e1m za cokoliv co si s telefonem ud\u011bl\u00e1te.<\/p>\n<p>&nbsp;<\/p>\n<p>Zdrav\u00edm,<\/p>\n<p>Skipsoft nab\u00edz\u00ed ve sv\u00e9m toolitu vlastn\u011b v\u0161e. Root, odemknut\u00ed bootloaderu nahr\u00e1n\u00ed recovery a nebo \u00fapln\u00fd unroot do tov\u00e1rn\u00edho stavu.<\/p>\n<p>\u010derp\u00e1m zde:<a title=\" http:\/\/forum.xda-developers.com\/google-nexus-5\/orig-development\/toolkit-skipsoft-android-toolkit-nexus-t2525026\" href=\"%20http:\/\/forum.xda-developers.com\/google-nexus-5\/orig-development\/toolkit-skipsoft-android-toolkit-nexus-t2525026\" target=\"_blank\"> http:\/\/forum.xda-developers.com\/google-nexus-5\/orig-development\/toolkit-skipsoft-android-toolkit-nexus-t2525026<\/a><\/p>\n<p>P\u0159ekl\u00e1d\u00e1m v\u011bci p\u0159elo\u017eiteln\u00e9, v\u011bci technick\u00e9 nech\u00e1m v angli\u010dtin\u011b,jinak byste je nemuseli naj\u00edt v programu.<\/p>\n<p>&nbsp;<\/p>\n<p>[TOOLKIT] SKIPSOFT ANDROID TOOLKIT &#8211; NEXUS 5 V1.2.1 &#8211; Drivers, Root, Recovery + V\u00edce<\/p>\n<p>&nbsp;<\/p>\n<p>Android Toolkit p\u0159in\u00e1\u0161\u00ed dohromady v\u0161e ze v\u0161ech Nexus Toolkit\u016f a podporuje Galaxy Nexus, Nexus 4, Nexus 5, Nexus 7 [2012], Nexus 7 [2013] a Nexus 10. Toto je f\u00e1ze 1. F\u00e1ze 2\u00a0 je p\u0159idat v\u0161echny Samsung Toolkity do Android Toolkitu.<\/p>\n<p>&nbsp;<\/p>\n<p>FUNKCE ANDROID TOOLKITU<\/p>\n<p>* Instalov\u00e1n\u00ed spr\u00e1vn\u00fdch adb\/fastboot driver\u016f automaticky na Windows xp\/vista\/7\/8 32bit+64bit<\/p>\n<p>* Backup\/Restore jedn\u00e9 nebo v\u0161ech aplikac\u00ed, u\u017eivatelsk\u00e1 data a Intern\u00ed \u00falo\u017ei\u0161t\u011b.<\/p>\n<p>* Backup \/data\/media (virtualn\u00ed SD kartu) do va\u0161eho PC pro pln\u011b bezpe\u010dn\u00e9 ulo\u017een\u00ed dat.<\/p>\n<p>* Unlock\/Re-Lock Bootloader<\/p>\n<p>* Root Stock builds (Root origin\u00e1ln\u00edch firmwar\u016f)<\/p>\n<p>* 1-Click For All to Unlock, Root, Rename the Restore File (V\u0161e na jedno kliknut\u00ed)<\/p>\n<p>* Instaluje BusyBox do telefonu<\/p>\n<p>* Extras, Tipy a Triky<\/p>\n<p>* Mods sekce na automatick\u00e9 \u00fakoly v telefonu<\/p>\n<p>* Sta\u017een\u00ed Google Stock Image<\/p>\n<p>* Zkontrolujte md5 stock image pro jistotu spr\u00e1vn\u00e9ho fle\u0161nut\u00ed<\/p>\n<p>* Flash Custom Recovery nebo Google Stock Image do telefonu<\/p>\n<p>* P\u0159ejmenov\u00e1n\u00ed Recovery Restore souboru p\u0159\u00edtomn\u00e9ho v n\u011bjak\u00fdchStock Romk\u00e1ch<\/p>\n<p>* Boot do CWM Touch, TWRP nebo Stock Recovery bez pot\u0159eby ho fle\u0161nout<\/p>\n<p>* Boot nebo Flash .img p\u0159\u00edmo z po\u010d\u00edta\u010de<\/p>\n<p>* Instalov\u00e1n\u00ed jedn\u00e9 apk nebo v\u00edce apk do telefonu<\/p>\n<p>* Push Files p\u0159\u00edmo z po\u010d\u00edta\u010de do telefonu<\/p>\n<p>* Pull Files p\u0159\u00edmo z telefonu do po\u010d\u00edta\u010de<\/p>\n<p>* Nastaven\u00ed pr\u00e1v soubor\u016f v telefonu<\/p>\n<p>* Reboot Telefonu do Fastboot Mode nebo Android z fastboot mode<\/p>\n<p>* Reboot Telefonu do Fastboot Mode, Recovery, Android nebo Download Modu z adb modu<\/p>\n<p>* Zobrazen\u00ed d\u016fle\u017eit\u00fdch informac\u00ed o Va\u0161em za\u0159\u00edzen\u00ed<\/p>\n<p>Obr\u00e1zky programu<\/p>\n<p><img loading=\"lazy\" class=\"aligncenter\" src=\"https:\/\/lh4.googleusercontent.com\/-pqME0FSTVgI\/Up-hncxpzxI\/AAAAAAAADE4\/qztaJwEMAQI\/w485-h400-no\/Snap_2013.12.04_10h55m09s_001_SkipSoft+Unified+Android+ToolKit+V1-2-0.png\" alt=\"\" width=\"485\" height=\"400\" \/><\/p>\n<p><img loading=\"lazy\" class=\"aligncenter\" src=\"https:\/\/lh5.googleusercontent.com\/-HvPmVBdLJO8\/Up-hnWX9hHI\/AAAAAAAADE0\/c9UEf5bOf-Y\/w700-h739-no\/Snap_2013.12.04_21h36m39s_001_Administrator-+++SkipSoft+Android+ToolKit.png\" alt=\"\" width=\"700\" height=\"739\" \/><\/p>\n<p><img loading=\"lazy\" class=\"aligncenter\" src=\"https:\/\/lh6.googleusercontent.com\/-c--6ArTZFCE\/Up-j7LXTSuI\/AAAAAAAADFo\/_5p-P7kLrtY\/w700-h739-no\/Snap_2013.12.04_21h47m30s_004_Administrator-+++SkipSoft+Android+ToolKit+-+LG+Nexus+5+V1-1-1.png\" alt=\"\" width=\"700\" height=\"739\" \/><\/p>\n<p><img loading=\"lazy\" class=\"aligncenter\" src=\"https:\/\/lh5.googleusercontent.com\/-UQXPfC9Ichg\/UoQxcf2KGrI\/AAAAAAAADCw\/rmh00gP7Yog\/w700-h739-no\/Snap_2013.11.14_02h10m25s_008_Administrator-+++SkipSoft+Android+ToolKit+-+LG+Nexus+5+-+V1-0-0.png\" alt=\"\" width=\"700\" height=\"739\" \/><\/p>\n<p><img loading=\"lazy\" class=\"aligncenter\" src=\"https:\/\/lh4.googleusercontent.com\/--NbNgLcXR8A\/UoQxdGqYZnI\/AAAAAAAADC4\/E0Em4jcvjxM\/w700-h739-no\/Snap_2013.11.14_02h11m05s_009_Administrator-+++SkipSoft+Android+ToolKit+-+LG+Nexus+5+-+V1-0-0.png\" alt=\"\" width=\"700\" height=\"739\" \/><\/p>\n<p>&nbsp;<\/p>\n<p>1. Instalujte ADB\/FASTBOOT DRIVERS[\/b]<\/p>\n<p>&nbsp;<\/p>\n<p>Prvn\u00ed v\u011bc, kterou mus\u00edte ud\u011blat, je nainstalovat ovlada\u010de adb \/ fastboot . Ty jsou pot\u0159eba , tak\u017ee si m\u016f\u017eete odemknout bootloader , root telefonu a prov\u00e1d\u011bt dal\u0161\u00ed adb \/ fastboot funkce.<\/p>\n<p>Ovlada\u010de je mo\u017en\u00e9 instalovat p\u0159\u00edmo p\u0159es Toolkit.<\/p>\n<p>&nbsp;<\/p>\n<p>Pot\u00e9, co byly nainstalov\u00e1ny ovlada\u010de odpojte kabel USB a vypn\u011bte telefon . Dr\u017ete &#8220; Volume Up &#8220; a &#8220; Volume Down &#8220; tla\u010d\u00edtek a stiskn\u011bte tla\u010d\u00edtko &#8220; Power &#8220; nabootovat telefon do re\u017eimu fastboot .<\/p>\n<p>&nbsp;<\/p>\n<p>ZKONTROLUJTE, ZDA JSTE ZAPNULI Lad\u011bn\u00ed USB v nastaven\u00ed , PRO V\u00ddVOJ\u00c1\u0158E P\u0159ed p\u0159ipojen\u00edm USB kabelu v ADB re\u017eimu, aby PC rozpoznalo TELEFON SPR\u00c1VN\u011a .<\/p>\n<p>&nbsp;<\/p>\n<p>Postupujte dle informac\u00ed na obrazovce PC.<\/p>\n<p>&nbsp;<\/p>\n<p>U\u017dITE\u010cN\u00c9 INFORMACE<\/p>\n<p>&nbsp;<\/p>\n<p>Jak se dostanu do FastBoot Modu<\/p>\n<p>1. Vypn\u011bte telefon<\/p>\n<p>2. Odpojte kabel od telefonu<\/p>\n<p>3. Dr\u017ete &#8218;Volume Down&#8216; a &#8218;Power&#8216; tla\u010d\u00edtka pro nabootov\u00e1n\u00ed telefonu do FastBoot Modu<\/p>\n<p>&nbsp;<\/p>\n<p>Jak se dostanu do Recovery<\/p>\n<p>1. Dosta\u0148te se do FastBoot Modu<\/p>\n<p>2. Skrolujte dol\u016f &#8218;Volume Down&#8216; a\u017e uvid\u00edte &#8218;Recovery mode&#8216; a zm\u00e1\u010dkn\u011bte &#8218;Power&#8216; .<\/p>\n<p>&nbsp;<\/p>\n<p>Stock Recovery<\/p>\n<p>1. Dr\u017ete Power a za sou\u010dsn\u00e9 dr\u017een\u00ed zm\u00e1\u010dkn\u011bte Volume Up rychle.<\/p>\n<p>&nbsp;<\/p>\n<p>Sta\u017een\u00ed: <a title=\"http:\/\/www.skipsoft.net\/?page_id=1069\" href=\"http:\/\/www.skipsoft.net\/?page_id=1069\" target=\"_blank\">http:\/\/www.skipsoft.net\/?page_id=1069<\/a><\/p>\n<div class=\"facebook-like\"><fb:like layout=\"standard\" show_faces=\"true\" href=\"https:\/\/android.8u.cz\/?page_id=795\"><\/fb:like><\/div>","protected":false},"excerpt":{"rendered":"<p>&nbsp; V\u0161e co d\u011bl\u00e1te s telefonem je na vlastn\u00ed nebezpe\u010d\u00ed.Neodpov\u00edd\u00e1m za cokoliv co si s telefonem ud\u011bl\u00e1te. &nbsp; Zdrav\u00edm, Skipsoft nab\u00edz\u00ed ve sv\u00e9m toolitu vlastn\u011b v\u0161e. Root, odemknut\u00ed bootloaderu nahr\u00e1n\u00ed recovery a nebo \u00fapln\u00fd unroot do tov\u00e1rn\u00edho stavu. \u010derp\u00e1m zde: [&hellip;] <a class=\"more-link\" href=\"https:\/\/android.8u.cz\/?page_id=795\">&darr; Read the rest of this entry&#8230;<\/a><\/p>\n","protected":false},"author":1,"featured_media":0,"parent":0,"menu_order":0,"comment_status":"open","ping_status":"open","template":"","meta":[],"_links":{"self":[{"href":"https:\/\/android.8u.cz\/index.php?rest_route=\/wp\/v2\/pages\/795"}],"collection":[{"href":"https:\/\/android.8u.cz\/index.php?rest_route=\/wp\/v2\/pages"}],"about":[{"href":"https:\/\/android.8u.cz\/index.php?rest_route=\/wp\/v2\/types\/page"}],"author":[{"embeddable":true,"href":"https:\/\/android.8u.cz\/index.php?rest_route=\/wp\/v2\/users\/1"}],"replies":[{"embeddable":true,"href":"https:\/\/android.8u.cz\/index.php?rest_route=%2Fwp%2Fv2%2Fcomments&post=795"}],"version-history":[{"count":5,"href":"https:\/\/android.8u.cz\/index.php?rest_route=\/wp\/v2\/pages\/795\/revisions"}],"predecessor-version":[{"id":800,"href":"https:\/\/android.8u.cz\/index.php?rest_route=\/wp\/v2\/pages\/795\/revisions\/800"}],"wp:attachment":[{"href":"https:\/\/android.8u.cz\/index.php?rest_route=%2Fwp%2Fv2%2Fmedia&parent=795"}],"curies":[{"name":"wp","href":"https:\/\/api.w.org\/{rel}","templated":true}]}}